5?
1689
What is the remainder when 2146389 is divided by 231?
168
What is the remainder when 15218979 is divided by 2139?
2133
What is the remainder when 257576 is divided by 1056?
968
Calculate the remainder when 406374 is divided by 713.
677
Calculate the remainder when 943534 is divided by 385.
284
What is the remainder when 36097 is divided by 17555?
987
What is the remainder when 29595871 is divided by 847?
844
Calculate the remainder when 16183011 is divided by 1011436.
35
Calculate the remainder when 909423 is divided by 1001.
515
Calculate the remainder when 1953127 is divided by 26385.
637
Calculate the remainder when 14939340 is divided by 28.
24
What is the remainder when 161237 is divided by 72?
29
What is the remainder when 345038 is divided by 7661?
293
What is the remainder when 598431 is divided by 532?
463
What is the remainder when 84346 is divided by 252?
178
What is the remainder when 1240885 is divided by 24320?
565
Calculate the remainder when 54508771 is divided by 911.
908
What is the remainder when 49540499 is divided by 735?
29
What is the remainder when 19028814 is divided by 87288?
30
Calculate the remainder when 846526 is divided by 312.
70
What is the remainder when 12933 is divided by 1575?
333
What is the remainder when 84109686 is divided by 2542?
2532
Calculate the remainder when 961821 is divided by 148.
117
Calculate the remainder when 2352307 is divided by 22.
1
What is the remainder when 23925975 is divided by 87?
18
What is the remainder when 20797705 is divided by 7?
5
What is the remainder when 291518 is divided by 58254?
248
What is the remainder when 507170 is divided by 1600?
1570
Calculate the remainder when 2331504 is divided by 378.
0
What is the remainder when 1087378 is divided by 392?
362
What is the remainder when 50132908 is divided by 50132888?
20
What is the remainder when 231257 is divided by 115556?
145
What is the remainder when 1415658 is divided by 41636?
34
Calculate the remainder when 997422 is divided by 66397.
1467
Calculate the remainder when 289534843 is divided by 96511603.
34
Calculate the remainder when 362013 is divided by 5150.
1513
What is the remainder when 186970 is divided by 463?
381
Calculate the remainder when 1130762 is divided by 8200.
7362
Calculate the remainder when 268298487 is divided by 116.
115
What is the remainder when 1923466 is divided by 82?
74
Calculate the remainder when 123043842 is divided by 240320.
2
What is the remainder when 26257466 is divided by 1257?
1250
What is the remainder when 28772059 is divided by 1098?
67
What is the remainder when 422160 is divided by 35?
25
What is the remainder when 77252 is divided by 25227?
1571
What is the remainder when 10516379 is divided by 478017?
5
What is the remainder when 236654 is divided by 936?
782
What is the remainder when 33766 is divided by 6747?
31
Calculate the remainder when 2362254 is divided by 30.
24
What is the remainder when 170182563 is divided by 1964?
1963
Calculate the remainder when 27890188 is divided by 865.
858
What is the remainder when 233095 is divided by 116331?
433
Calculate the remainder when 488525 is divided by 2655.
5
What is the remainder when 31132069 is divided by 812?
801
What is the remainder when 4002103 is divided by 188?
147
Calculate the remainder when 891402 is divided by 81.
78
What is the remainder when 6763668 is divided by 29?
27
Calculate the remainder when 10697372 is divided by 65.
62
Calculate the remainder when 19077090 is divided by 1907708.
10
Calculate the remainder when 63871 is divided by 4489.
1025
Calculate the remainder when 22716828 is divided by 31.
28
Calculate the remainder when 1946718 is divided by 779.
776
Calculate the remainder when 3514276 is divided by 4149.
73
What is the remainder when 159669825 is divided by 4519?
4517
What is the remainder when 282008 is divided by 174?
128
What is the remainder when 14461994 is divided by 223?
221
Calculate the remainder when 71999151 is divided by 138.
135
Calculate the remainder when 31076872 is divided by 25984.
8
Calculate the remainder when 764009 is divided by 152795.
34
Calculate the remainder when 9630955 is divided by 22.
15
What is the remainder when 286291 is divided by 13013?
5
What is the remainder when 351921 is divided by 204?
21
Calculate the remainder when 106846 is divided by 183.
157
What is the remainder when 173247 is divided by 86527?
193
What is the remainder when 96854 is divided by 78?
56
What is the remainder when 1149783 is divided by 202?
201
What is the remainder when 8992 is divided by 590?
142
What is the remainder when 1949178 is divided by 66?
0
Calculate the remainder when 28868094 is divided by 4124011.
17
Calculate the remainder when 78299477 is divided by 549.
548
What is the remainder when 2545730 is divided by 884?
694
Calculate the remainder when 64560782 is divided by 55.
22
What is the remainder when 6463013 is divided by 10?
3
Calculate the remainder when 2188951 is divided by 883.
877
Calculate the remainder when 10826510 is divided by 1245.
1235
What is the remainder when 2403056 is divided by 1260?
236
Calculate the remainder when 1485204 is divided by 495058.
30
What is the remainder when 266195 is divided by 125690?
14815
Calculate the remainder when 27558 is divided by 12892.
1774
Calculate the remainder when 16613532 is divided by 2768.
2764
What is the remainder when 414216 is divided by 287?
75
Calculate the remainder when 2225476 is divided by 31343.
123
Calculate the remainder when 2346307 is divided by 91.
54
What is the remainder when 11339807 is divided by 96?
95
What is the remainder when 8419111 is divided by 76537?
41
Calculate the remainder when 645403 is divided by 622.
389
What is the remainder when 5862 is divided by 1102?
352
Calculate the remainder when 55164 is divided by 3748.
2692
Calculate the remainder when 171992 is divided by 1989.
938
What is the remainder when 55045437 is divided by 18348458?
63
What is the remainder when 311077 is divided by 87?
52
What is the remainder when 37651 is divided by 7144?
1931
What is the remainder when 3635584 is divided by 8889?
8872
Calculate the remainder when 946963 is divided by 236736.
19
Calculate the remainder when 1341889 is divided by 32726.
123
Calculate the remainder when 4534880 is divided by 647839.
7
Calculate the remainder when 43259 is divided by 2403.
5
Calculate the remainder when 4200904 is divided by 574.
372
What is the remainder when 164714 is divided by 32219?
3619
What is the remainder when 1033594 is divided by 234?
16
What is the remainder when 1734396 is divided by 96348?
132
What is the remainder when 22090672 is divided by 124806?
10
What is the remainder when 656365 is divided by 332?
1
What is the remainder when 3952917 is divided by 564680?
157
Calculate the remainder when 7673947 is divided by 575.
572
Calculate the remainder when 10461263 is divided by 12.
11
Calculate the remainder when 1146812 is divided by 10922.
2
Calculate the remainder when 46602 is divided by 2227.
2062
What is the remainder when 3415019 is divided by 175?
69
What is the remainder when 5317898 is divided by 2658934?
30
What is the remainder when 6637 is divided by 963?
859
What is the remainder when 123615260 is divided by 172647?
8
Calculate the remainder when 190792 is divided by 426.
370
Calculate the remainder when 1787161 is divided by 59.
51
Calculate the remainder when 196081 is divided by 5434.
457
What is the remainder when 563225 is divided by 1820?
845
What is the remainder when 11652978 is divided by 734?
728
What is the remainder when 28854720 is divided by 214?
30
What is the remainder when 35242 is divided by 34578?
664
Calculate the remainder when 21949 is divided by 15007.
6942
Calculate the remainder when 1105237 is divided by 798.
7
What is the remainder when 209040 is divided by 843?
819
What is the remainder when 574350 is divided by 2216?
406
What is the remainder when 3471 is divided by 3075?
396
What is the remainder when 87792 is divided by 14587?
270
Calculate the remainder when 81269648 is divided by 95.
93
Calculate the remainder when 22870177 is divided by 1164.
1069
What is the remainder when 599543 is divided by 12?
11
What is the remainder when 10152